s 11003111223 (base 4) in base 8?
5032553
What is 2122050 (base 6) in base 7?
612423
-223c (base 15) to base 3
-100221210
Convert -a5b28 (base 16) to base 4.
-2211230220
-329961 (base 11) to base 15
-a5ad0
What is 2618b3 (base 12) in base 9?
1152420
93041 (base 10) to base 15
1c87b
Convert 467717 (base 10) to base 14.
c2645
What is -3712 (base 14) in base 11?
-7256
428675 (base 12) to base 6
34312225
What is 210240340 (base 5) in base 7?
10244153
100113032 (base 5) to base 14
a3c19
2613114 (base 11) to base 13
c2710c
44031430 (base 5) to base 10
377115
Convert 726625 (base 8) to base 13.
8593c
What is 69440 (base 13) in base 8?
566573
Convert -56b157 (base 14) to base 8.
-13201671
Convert -1341631 (base 7) to base 13.
-6322c
5809142 (base 10) to base 15
79b362
What is 10010101110000101001 (base 2) in base 14?
11d797
111121010 (base 3) to base 11
74a1
Convert -3a6b8 (base 14) to base 8.
-431232
Convert 670013 (base 9) to base 15.
7d8c3
Convert -133215266 (base 7) to base 2.
-100000111010000001001101
What is -208426 (base 9) in base 3?
-20022110220
What is 2036120 (base 7) in base 6?
5124302
What is -2365622 (base 9) in base 8?
-4712732
Convert 21c9ea (base 16) to base 8.
10344752
Convert -101000111001011111100 (base 2) to base 9.
-2462312
Convert 9d992 (base 14) to base 13.
105613
What is -430560 (base 13) in base 9?
-2855060
Convert 10414223 (base 5) to base 8.
263245
What is -13023124034 (base 5) in base 11?
-8a34644
31177 (base 10) to base 15
9387
Convert -537a541 (base 11) to base 4.
-210010323331
-41204224 (base 7) to base 2
-1101001001100010001011
1340685 (base 10) to base 13
37c308
Convert -3201000330 (base 4) to base 9.
-1654246
Convert -2411151 (base 6) to base 11.
-86731
Convert 16bc89b (base 14) to base 13.
2428126
Convert -35832 (base 12) to base 14.
-1c378
Convert -14234112 (base 5) to base 2.
-100100011100100010
What is 12000220020 (base 3) in base 9?
160806
56582 (base 13) to base 8
462412
What is -1b8d2 (base 15) in base 6?
-1531255
What is -141540542 (base 6) in base 4?
-23001220232
Convert 2a1 (base 16) to base 10.
673
What is -9796 (base 16) in base 9?
-58207
Convert -eb83 (base 15) to base 5.
-3043343
What is -22078 (base 14) in base 13?
-2b696
-2526243 (base 10) to base 16
-268c23
What is -3304340101 (base 5) in base 13?
-161a337
Convert -265 (base 16) to base 13.
-382
Convert 9b1c3 (base 13) to base 11.
18258a
What is 13125521 (base 6) in base 15?
87cea
Convert -12113214 (base 6) to base 9.
-643401
What is 102964 (base 10) in base 8?
311064
Convert 312302212 (base 5) to base 2.
100111011001010110100
What is 221204022 (base 5) in base 3?
1210202201101
Convert -512802 (base 14) to base 8.
-12335002
-185617 (base 9) to base 8
-341744
Convert -203101202 (base 4) to base 14.
-3a922
Convert a9d9 (base 14) to base 4.
13023103
What is 10232132100 (base 4) in base 15?
197153
What is -31320121122 (base 4) in base 16?
-37865a
-6738e3 (base 16) to base 4
-121303203203
Convert -1064331 (base 8) to base 6.
-10105521
What is -3b36755 (base 12) in base 16?
-b393b1
What is -412144201 (base 5) in base 16?
-199ae3
1111011100000010101 (base 2) to base 11
316089
What is 21120002 (base 5) in base 15?
37352
Convert -10542404 (base 6) to base 5.
-40341310
33222331232 (base 4) to base 15
562362
120222022111 (base 3) to base 2
1001100110000111100
What is -236744 (base 11) in base 15?
-7613b
What is -10211555 (base 8) in base 10?
-2167661
What is 46a2a (base 15) in base 3?
102102200211
1011100111010000101010 (base 2) to base 7
34606533
-351803 (base 9) to base 11
-134860
-222313433 (base 5) to base 11
-6097a1
Convert 158088 (base 9) to base 8.
276746
Convert 10001110100111 (base 2) to base 4.
2032213
200221001101 (base 3) to base 13
100762
What is -b5634 (base 13) in base 15?
-669c8
What is 14122510 (base 6) in base 5?
110240141
-242232 (base 11) to base 4
-1131221311
What is -4456168 (base 9) in base 8?
-11116062
What is 8172a8 (base 11) in base 14?
262582
116005336 (base 7) to base 8
33652177
4f0c72 (base 16) to base 15
6c4e8a
-1000001101101101101100111 (base 2) to base 11
-97a6665
Convert -315424342 (base 6) to base 5.
-2412234013
-155530 (base 6) to base 4
-3302232
-2478a81 (base 11) to base 9
-8075813
-110121010122 (base 3) to base 6
-5151542
Convert 2340375 (base 8) to base 3.
1012110212011
Convert -12112212100 (base 3) to base 16.
-1aac3
What is -28296 (base 10) in base 16?
-6e88
What is 547515 (base 9) in base 2?
1001111110101100011
Convert -12410130 (base 5) to base 10.
-122540
What is 2415862 (base 9) in base 12?
532118
402871 (base 9) to base 11
1530a7
Convert 1102102100 (base 3) to base 8.
66550
-102102212312 (base 4) to base 2
-10010010010100110110110
What is 654251 (base 9) in base 6?
12210331
Convert -13012234 (base 5) to base 8.
-365770
What is -1aa493 (base 11) in base 4?
-1032131031
Convert 3220304304 (base 5) to base 14.
c928a1
173012 (base 12) to base 10
399182
What is -31525554 (base 6) in base 15?
-1354da
Convert -2003212121 (base 4) to base 8.
-2034631
226441 (base 8) to base 6
1352521
3718c (base 13) to base 7
601321
Convert 6ab45 (base 13) to base 2.
101111101010110100
What is -102114411 (base 6) in base 14?
-345b03
9626268 (base 10) to base 15
ca2363
-15533545 (base 6) to base 2
-10000111111100101001
What is -1000111110010110011 (base 2) in base 12?
-122217
What is d3435 (base 16) in base 12?
358931
What is 1431510 (base 9) in base 3?
1111001120100
What is -28a215c (base 13) in base 9?
-26262864
Convert -1b8ab (base 12) to base 14.
-10d47
22264113 (base 7) to base 15
2825e0
-13425131 (base 6) to base 4
-1233001033
What is 30c6a3 (base 13) in base 12?
47063a
Convert c2a587 (base 15) to base 8.
43217760
a57d9 (base 14) to base 13
10ca75
16716357 (base 8) to base 7
45131041
What is 1123014240 (base 5) in base 4?
21232011212
-364522 (base 8) to base 6
-2403534
-86690 (base 10) to base 13
-305c6
What is -392820 (base 14) in base 10?
-1966300
What is -15195 (base 10) in base 8?
-35533
Convert -204471 (base 11) to base 12.
-139984
What is -36a54 (base 11) in base 2?
-1100111110111010
185406 (base 11) to base 4
1011222030
-4cbc9 (base 13) to base 8
-426450
365868 (base 11) to base 2
10001101010010001000
What is -54427 (base 8) in base 12?
-11247
Convert 2200211112 (base 3) to base 7.
310541
Convert 335352020 (base 6) to base 11.
3515798
What is 616058 (base 11) in base 10?
988996
What is 30030114 (base 5) in base 4?
321223330
Convert -1330200331 (base 4) to base 3.
-221220121101
1101400310 (base 5) to base 11
13800a3
Convert 150015142 (base 6) to base 3.
12210120100022
What is -21201002121212 (base 3) in base 6?
-223442505
Convert 466577 (base 10) to base 16.
71e91
15142610 (base 7) to base 12
594a42
-111807 (base 11) to base 6
-3452022
Convert 1431250 (base 6) to base 2.
10100000000101110
What is -30022122102 (base 4) in base 3?
-12222222121210
20102133 (base 5) to base 2
100110111110110100
What is -110224430 (base 5) in base 13?
-13908c
-147457 (base 8) to base 15
-10aae
What is 2227234 (base 9) in base 3?
2020221021011
What is -2157 (base 9) in base 11?
-1217
What is -11110111010001011 (base 2) in base 9?
-212600
Convert -11000010100111101010 (base 2) to base 10.
-797162
What is -11011011110011010101 (base 2) in base 12?
-375019
Convert 6e37 (base 16) to base 14.
a3d5
Convert 19f3e (base 16) to base 8.
317476
What is 7007427 (base 9) in base 7?
43444426
-2950b7 (base 12) to base 4
-2221031023
10004130111 (base 5) to base 10
9833156
What is -122132313 (base 4) in base 2?
-11010011110110111
Convert 1243304320 (base 5) to base 6.
150305010
Convert -40b9b (base 12) to base 9.
-138102
-225356 (base 7) to base 8
-116577
What is -582106 (base 10) in base 3?
-1002120111111
Convert 301653533 (base 7) to base 12.
5a52585
What is -431821 (base 9) in base 11?
-166327
What is 3215504 (base 6) in base 4?
212212000
878c92 (base 15) to base 5
3123143322
Convert 6660633 (base 10) to base 11.
383a261
Convert 23030121 (base 5) to base 15.
40b41
What is 185082 (base 14) in base 4?
3101231222
Convert 227545 (base 8) to base 3.
10221112122
5253302 (base 6) to base 15
50d15
What is -719005 (base 14) in base 10?
-3827885
Convert 101001011001001 (base 2) to base 3.
1002001221
Convert 940327 (base 10) to base 15.
138937
325340 (base 7) to base 16
df